osite number?
False
Is 16823582 a composite number?
True
Is 23979851251 a prime number?
False
Is 4371808321 prime?
True
Is 67953211099 a composite number?
False
Is 796310059 a prime number?
True
Is 36221710709 a composite number?
True
Is 238164527 a prime number?
True
Is 98155410721 composite?
False
Is 1775171 a composite number?
False
Is 1950287533 a prime number?
True
Is 858558991 prime?
True
Is 29108899849 prime?
False
Is 425080021 prime?
False
Is 2727605429 a prime number?
False
Is 3827563349 a prime number?
True
Is 17234364617 composite?
False
Is 9673970791 a composite number?
False
Is 1112877811 a composite number?
False
Is 529206253 a prime number?
True
Is 1020230291 prime?
False
Is 5407746073 prime?
False
Is 14745187981 composite?
False
Is 293991077 prime?
True
Is 1024108573 a prime number?
True
Is 1401921929 a composite number?
False
Is 306055221 prime?
False
Is 136665471094 composite?
True
Is 1262690369 composite?
True
Is 17044658077 a prime number?
True
Is 39642727 a prime number?
True
Is 9400224619 prime?
False
Is 159570419 a composite number?
True
Is 56489027 a prime number?
False
Is 2346896821 a prime number?
True
Is 5557648333 composite?
True
Is 1198118041 a composite number?
False
Is 4040516591 composite?
False
Is 11491801771 prime?
True
Is 1351301 a prime number?
False
Is 1556492083 composite?
True
Is 416309099 a prime number?
True
Is 1666748271 composite?
True
Is 8190765839 a prime number?
True
Is 2933889487 prime?
False
Is 70094023 prime?
True
Is 413705038 composite?
True
Is 347209017 composite?
True
Is 341197631 composite?
True
Is 695504923 a composite number?
False
Is 6191151985 prime?
False
Is 1386877691 a composite number?
True
Is 550188239 composite?
False
Is 27920895437 a composite number?
True
Is 19837684231 a prime number?
False
Is 45951163 a composite number?
True
Is 6184316401 prime?
True
Is 41635665607 a composite number?
True
Is 12351844201 a prime number?
True
Is 52588346407 composite?
False
Is 4350000593 a composite number?
False
Is 1830722403 composite?
True
Is 2355123053 composite?
False
Is 202418985283 composite?
False
Is 1401645941 a composite number?
True
Is 593125391 a composite number?
True
Is 8565596671 a prime number?
True
Is 149161563637 a prime number?
True
Is 2412794431 prime?
True
Is 113098678603 prime?
True
Is 1560201361 a composite number?
False
Is 160189821349 a composite number?
False
Is 9529084387 a composite number?
True
Is 28106639401 composite?
True
Is 120604423 a composite number?
True
Is 190074086269 a composite number?
False
Is 37488088307 composite?
False
Is 1817685127 a composite number?
False
Is 6037538561 a prime number?
True
Is 35901833783 prime?
False
Is 392628623 prime?
True
Is 165153509 a composite number?
True
Is 71524633 a prime number?
False
Is 81809847829 a composite number?
True
Is 6697919233 prime?
False
Is 2524043 a prime number?
False
Is 2322511033 a prime number?
False
Is 9009728599 a composite number?
False
Is 8415001897 a prime number?
True
Is 725105921 composite?
False
Is 237145519 composite?
True
Is 21722602522 a composite number?
True
Is 119420113 a composite number?
True
Is 37332329 composite?
False
Is 702350905 a composite number?
True
Is 47252802901 composite?
True
Is 3108760229 prime?
False
Is 77854627363 a prime number?
True
Is 3813410231 a composite number?
False
Is 13954177273 a prime number?
False
Is 932623781 prime?
True
Is 4390382929 prime?
True
Is 115090981 a prime number?
True
Is 3058161031 a prime number?
False
Is 9202166921 composite?
True
Is 231129046613 prime?
True
Is 38444881597 prime?
True
Is 15300447413 a composite number?
False
Is 1383652619 prime?
True
Is 3739417153 prime?
True
Is 42346900469 a composite number?
True
Is 1429162879 composite?
True
Is 508264069 a composite number?
True
Is 9909800627 composite?
True
Is 8606832107 composite?
True
Is 10132335821 prime?
True
Is 7412119499 prime?
False
Is 161788862141 a prime number?
True
Is 2639664493 prime?
False
Is 20871103783 composite?
True
Is 173712653 prime?
True
Is 22586516881 a prime number?
True
Is 451060069 prime?
True
Is 2591405749 a composite number?
False
Is 450135001 prime?
False
Is 7544132753 prime?
False
Is 72204062717 a prime number?
False
Is 6603134179 prime?
True
Is 60513379 composite?
True
Is 3033529399 prime?
True
Is 3067679299 a prime number?
True
Is 999557717 prime?
True
Is 720730897 a composite number?
False
Is 21589596557 a prime number?
True
Is 8590526561 a prime number?
True
Is 898090645 composite?
True
Is 2485102717 a prime number?
False
Is 31703927 a composite number?
True
Is 441941303 a composite number?
False
Is 1206585563 composite?
False
Is 2187259 composite?
False
Is 2588025289 prime?
True
Is 1994605253 prime?
True
Is 29459585119 composite?
False
Is 298275041 a composite number?
True
Is 1007010457 a composite number?
False
Is 3949894253 composite?
True
Is 6183244571 a composite number?
True
Is 4555566757 a composite number?
True
Is 100885331977 a composite number?
True
Is 2079902977 a composite number?
False
Is 5311806637 prime?
True
Is 860018429 a composite number?
False
Is 9790273151 composite?
False
Is 119219168587 prime?
False
Is 69302491 a prime number?
True
Is 1375160741 a composite number?
False
Is 167791291 a composite number?
False
Is 25386550927 a composite number?
True
Is 259850387 composite?
True
Is 10097973539 composite?
False
Is 493651519 a prime number?
True
Is 3694603282 a composite number?
True
Is 1454905483 prime?
True
Is 177924809 a composite number?
True
Is 5432821831 a composite number?
True
Is 57084449 a prime number?
True
Is 6088741693 composite?
False
Is 718423187 a prime number?
True
Is 56712311 a composite number?
True
Is 4857984609 a prime number?
False
Is 14403328855 prime?
False
Is 47485079197 composite?
True
Is 135583199051 prime?
False
Is 46264972414 a composite number?
True
Is 2359801849 a prime number?
True
Is 67350074839 a composite number?
True
Is 2844835739 a composite number?
True
Is 21318428801 prime?
True
Is 337158329 a composite number?
True
Is 56622695743 a composite number?
False
Is 13450411451 a composite number?
False
Is 200398713919 a prime number?
True
Is 30723106394 a prime number?
False
Is 1623386257 a prime number?
False
Is 60633725609 composite?
False
Is 740967581 prime?
False
Is 170962783 a composite number?
False
Is 813408119 composite?
True
Is 10296495877 a prime number?
True
Is 1791722941 composite?
False
Is 4773220327 prime?
False
Is 8089219109 a prime number?
True
Is 258263051 prime?
True
Is 107279486189 a composite number?
False
Is 49284364289 prime?
True
Is 4011304051 a composite number?
True
Is 993581647 prime?
True
Is 5279777 a prime number?
False
Is 4265634803 prime?
True
Is 609629138 a prime number?
False
Is 13265385803 composite?
False
Is 3356358581 composite?
True
Is 1562033653 composite?
False
Is 37122931577 prime?
True
Is 287557789 a composite number?
False
Is 2503086977 prime?
False
Is 487040501 a prime number?
True
Is 755481319 prime?
False
Is 12388895053 a prime number?
False
Is 2486998067 prime?
True
Is 448748589 a composite number?
True
Is 26661197 prime?
True
Is 46452767743 prime?
False
Is 3012585189 prime?
False
Is 5716004653 a prime number?
False
Is 5477279123 a composite number?
True
Is 4040772529 a prime number?
False
Is 25960141 composite?
True
Is 2295072127 a prime number?
True
Is 8621957041 prime?
False
Is 666823153 a composite number?
True
Is 3187529119 prime?
True
Is 228668797351 a prime number?
False
Is 6063361181 a prime number?
True
Is 341681477 a prime number?
True
Is 2612864305 composite?
True
Is 4095834983 composite?
False
Is 3964888141 a prime number?
True
Is 547257182867 composite?
False
Is 2771601019 a prime number?
False
Is 701259257 a prime number?
True
Is 1718604401 prime?
True
Is 7552266679 composite?
True
Is 11970814589 a prime number?
True
Is 25522435777 composite?
False
Is 64048252867 composite?
True
Is 56549428513 a composite number?
True
Is 870161365 a prime number?
False
Is 175032917 a composite number?
False
Is 43105735501 a prime number?
True
Is 31425118369 prime?
False
Is 19600879231 prime?
True
Is 1757508799 composite?
True
Is 360329 a composite number?
True
Is 977405167 prime?
False
Is 498090647 a composite number?
False
Is 67276177 a composite number?
True
Is